- 362 = 0. List the prime factors of h.
181
Let a = -251 + 261. Let f(c) = 60*c - 27. List the prime factors of f(a).
3, 191
Suppose -51000 = -5*q - 5*o, q + 5*o = -4019 + 14227. List the prime factors of q.
2, 5099
Suppose 2*b + 3490 = k - 732, -2*k = 4*b - 8396. What are the prime factors of k?
2, 5, 421
Suppose -64583 - 54208 = -201*y. Let m be -1*4/(-1*2). Suppose 0 = -3*x - m*l - 0*l + y, -l = 5*x - 978. What are the prime factors of x?
3, 5, 13
Suppose 0 = 5*p + r - 145, -3*p - r = -p - 55. Suppose 0 = 3*u - p. Suppose 572 = u*g - 8*g. List the prime factors of g.
2, 11, 13
Suppose -57*g + 286192 - 16126 = 0. What are the prime factors of g?
2, 23, 103
Suppose 0 = -4*f + 48 - 20. Suppose -2269 = -f*x + 3730. Suppose 4*y = -5*u + 3*u + 1128, 0 = -3*y + 4*u + x. What are the prime factors of y?
283
Suppose -5*l = -3*k + 141, -2*k = -10*l + 15*l - 119. Let o = k + 358. List the prime factors of o.
2, 5, 41
Let s be ((-7)/1 - 206)/((-6)/52). Suppose s = -19*h + 15564. List the prime factors of h.
2, 19
Suppose 0 = 5*s - 4*r + 4, -s + r = -3*s + 1. Let z be 0 - s - (-4)/(-1). What are the prime factors of 43 + (z/(-1) - 2)?
3, 5
Suppose -8*w + 30590 = 2*w - 3*w. List the prime factors of w.
2, 5, 19, 23
Let v(b) = b**3 + 68*b**2 - 51*b - 890. What are the prime factors of v(-64)?
2, 83, 113
List the prime factors of (552 - 3)/(26/312).
2, 3, 61
List the prime factors of (-156)/104 - (-339507)/6.
3, 6287
Let i(g) = 4*g + 2 + g - 8*g - 8*g. Let x(c) = -11*c + 3. Let a(q) = 4*i(q) - 6*x(q). List the prime factors of a(5).
2, 5
Let n(v) = -v**3 - 2*v**2 + 8*v + 11. Let f be n(-7). Let o = 397 - f. List the prime factors of o.
197
Let t be -4 - (196/10 + 93/(-155)). Let k(l) = -21*l + 92. What are the prime factors of k(t)?
5, 23
Suppose -4*x = -4*g - 4, -7*g + 2*g = -4*x. Suppose -3*n = -g*c + 3693, -n + 2 = 5. What are the prime factors of c?
3, 307
Let g be (56/140)/(2/(-710)). Let x = g - -541. List the prime factors of x.
3, 7, 19
Suppose -9*o + 120 = -177. Suppose -o*t + 11*t + 2728 = 0. What are the prime factors of t?
2, 31
Suppose -35*k + 134706 = -22*k + 3445. What are the prime factors of k?
23, 439
Suppose 216 - 166 = 2*l. Suppose -l*t = -29*t + 932. List the prime factors of t.
233
Suppose 7*j - 187594 = 48439 - 29323. List the prime factors of j.
2, 5, 2953
Let n(t) = -t**3 + 4*t**2 + 17*t - 18. Let x be n(6). Suppose 0 = -2*q + 4, -4*z - x*q + 3786 = -7*q. What are the prime factors of z?
2, 59
Suppose -18*u - 127*u + 87580 = 0. List the prime factors of u.
2, 151
Suppose 3*g = 13 + 38. List the prime factors of ((-932)/(-10))/(g/85).
2, 233
Suppose -4*q = -5*h + 197, 2*q + 5*h + 66 = h. Suppose -11*d - 1285 = 1454. Let s = q - d. What are the prime factors of s?
2, 103
Let a be 6 - (-9 - -7) - 5. List the prime factors of ((a - -791) + 7)*1.
3, 89
Let n = -47 - -76. Let h(o) = 10 + 2 + 11 - o**2 + n*o + 13. List the prime factors of h(25).
2, 17
Suppose -2*o + 13650 = -3*j, o - 3960 - 2865 = -2*j. List the prime factors of o.
3, 5, 7, 13
Suppose 2*i = 3*f + 43, 2*i + 46 = -2*f - i. Let x = 1703 - 1780. Let n = f - x. List the prime factors of n.
2, 3, 5
Let p = -178 - -186. Suppose -v + l = -972, 0 = -v + p*l - 3*l + 984. What are the prime factors of v?
3, 17, 19
Suppose -3 = -k - 1. Suppose k*u = 0, -3*d + d = 2*u. Suppose d = 2*y - y - 59. What are the prime factors of y?
59
Let j(p) = 33*p**3 + 15*p**2 + 28*p - 22. What are the prime factors of j(8)?
2, 9029
Suppose -q = -4*n - 22, -n - 4*n - 52 = -3*q. What are the prime factors of ((-14)/(-10))/(q/5110)?
7, 73
Let y(n) = -28*n - 1. Let x be y(2). Let z = x + 76. List the prime factors of ((-5)/2)/(z/(-836)).
2, 5, 11
What are the prime factors of ((-39)/(-12) + -3)*130/5*1068?
2, 3, 13, 89
Let s(t) = t**2 - 7. Let x be s(5). Let g(o) = -o**3 - o**2 - o + 13. Let u be g(0). Suppose u*f = 10*f + x. List the prime factors of f.
2, 3
Let f(t) = -t**3 - 5*t**2 + 3*t + 9. Let y be f(-5). Let q be ((-96)/y)/((-2)/3). Let a = 169 + q. List the prime factors of a.
5, 29
Let q(p) = 8*p**3 - 9*p**2 + p - 37. List the prime factors of q(8).
3491
What are the prime factors of ((-19114)/8*1)/(1/(-4))?
19, 503
Let p = -39304 + 76011. List the prime factors of p.
11, 47, 71
Let b(q) = 10265*q - 9. What are the prime factors of b(1)?
2, 641
Let r = -170 + 221. Suppose -5 = -d, -a + 14 + r = 2*d. What are the prime factors of a?
5, 11
Let a be (54/(-12) - -3)*(0 + -2). Suppose -i + 225 = 2*u, -524 - 409 = -4*i + a*u. What are the prime factors of i?
3, 7, 11
Suppose 10 = 4*r - 2*r. Let i = 5985 - 5982. Suppose 0 = -2*k - i*j - 5, -j - 25 = -r*k + 4*j. List the prime factors of k.
2
Let u = -1030 + 1532. Let g = 9 + u. List the prime factors of g.
7, 73
Suppose 4*u - 2*j - 236 = 0, -9*u - 2*j = -11*u + 118. Suppose -18216 = -u*p + 36*p. List the prime factors of p.
2, 3, 11
List the prime factors of (-4258564)/(-2424) - 1*-1*(-1)/(-6).
7, 251
Let h(s) = -6*s - 85. Let x be h(-12). What are the prime factors of (1*x)/((-13)/351)?
3, 13
Let i = 635 - -22. Let m = -47 + i. What are the prime factors of m?
2, 5, 61
Suppose -46*h + 16 = -42*h. Suppose -h*q = -q - 5370. List the prime factors of q.
2, 5, 179
Let l(b) = 349*b + 3197. What are the prime factors of l(64)?
3, 2837
Let v = 4765 + -4831. Let g = -40 - -150. Let t = g - v. List the prime factors of t.
2, 11
Suppose r + 5*j = 22, 2*r + 3*j = -4 + 20. Suppose r*v + 0*v + 2213 = 5*u, -2*v = 3*u - 1315. Suppose -u = n - 8*n. What are the prime factors of n?
3, 7
Suppose -16 - 1224 = -5*q + 5*w, -2*w = -5*q + 1246. Suppose q = 5*k - 845. List the prime factors of k.
3, 73
Suppose -3*w + 6*w = 5*i - 19, 8 = 4*w. Suppose 4*v + 2*u - 206 = 2*v, 0 = -2*v - i*u + 194. List the prime factors of v.
107
Suppose -5*y + 5*o = -31015, 4*o - 4 = -24. What are the prime factors of y?
2, 3, 1033
Let m = 38 - 31. Let x(z) = 52*z - 77. List the prime factors of x(m).
7, 41
Let r = -26188 - -26515. What are the prime factors of r?
3, 109
Let a(b) = -5 + 0 - 101*b - 4 + 2. What are the prime factors of a(-3)?
2, 37
Let h(s) = s. Let x(i) = -26*i + 13. Suppose -5*f + j + 3*j = 25, 0 = 3*f - 5*j + 28. Let z(a) = f*x(a) - 6*h(a). What are the prime factors of z(8)?
3, 7
Suppose -2*x + 2593 + 3680 = -3217. What are the prime factors of x?
5, 13, 73
Let x be ((-1)/(-5))/(-5*1/(-75)). Let y be (-1)/4*(-5809 - x). Suppose 2*i + 2*u = -3*i + y, -4*i = -3*u - 1167. What are the prime factors of i?
3, 97
Let p(q) = 15*q**3 - q**2 - q - 2. Let z be p(2). Let o = z + -118. Let l(f) = -f**3 - 6*f**2 - 10*f - 15. List the prime factors of l(o).
3, 5
Let s(y) be the third derivative of 7*y**6/120 + y**5/60 + y**4/24 - 25*y**2. Let r be s(1). Suppose 0 = r*o - 3*o - 888. List the prime factors of o.
2, 37
Let i = 6822 - 4487. Suppose 3*b + 5*z = 5*b - i, 4*z - 2380 = -2*b. List the prime factors of b.
2, 5, 59
Let j be 2/(-3) - (-1)/((-3)/2932). Let d be 8/(-20) - j/(-5). Let s = d - -299. What are the prime factors of s?
103
Suppose 5*u - l - 3*l - 1259 = 0, -498 = -2*u + 3*l. Suppose -u*f - 2965 = -260*f. List the prime factors of f.
593
Let o(n) be the second derivative of n**4/6 + n**3/2 - 47*n. List the prime factors of o(-6).
2, 3
Suppose -334*q = -10267824 + 2812610. List the prime factors of q.
13, 17, 101
Let u(k) = 19 - 5*k**2 + 11*k + 16 + 59 - 14 + 13*k**2. List the prime factors of u(-6).
2, 151
Let k be 3481/(4/(5 + 23)). Suppose 30793 = 40*v - k. What are the prime factors of v?
7, 197
Let u be (3*(-210)/(-24))/((-6)/(-496)). Suppose -u = -16*y + 6*y. What are the prime factors of y?
7, 31
Let c(p) be the third derivative of 11*p**6/120 + p**5/12 + p**4/4 - 5*p**3/3 - 38*p**2. List the prime factors of c(4).
2, 3, 7, 19
Let o be (-28 - 0)*(-17)/(-34). List the prime factors of (-2)/(-2)*(-5166)/o.
3, 41
Let f(z) = -z**3 - 13*z**2 - 12*z + 2. Let u be f(-12). Suppose u*t = t. Suppose -r = -5*r - 3*v + 682, t = -5*r + 3*v + 866. What are the prime factors of r?
2, 43
Suppose -j + 4 = -2*a, j + 2*a - 20 = -0*a. Suppose 0 = n - j*n + 10318. Suppose -r = -8*r + n. List the prime factors of r.
2, 67
Let c = -59 + 45. What are the prime factors of 277 + (-2)/((c/5)/(-7))?
2, 17
Let s(i) = 12*i**2 + 55*i - 133. List the prime factors of s(26).
97
Suppose -5*m = -16*m